{"entities":{"Q5214":{"pageid":28392,"ns":120,"title":"Item:Q5214","lastrevid":93158,"modified":"2021-04-21T11:58:46Z","type":"item","id":"Q5214","labels":{"fr":{"language":"fr","value":"Le casse-t\u00eate de la mod\u00e9ration des r\u00e9seaux sociaux"},"en":{"language":"en","value":"Le casse-t\u00eate de la mod\u00e9ration des r\u00e9seaux sociaux"}},"descriptions":{"fr":{"language":"fr","value":"article publi\u00e9 par Heidi.news en avril 2021"},"en":{"language":"en","value":"news article"}},"aliases":{},"claims":{"P3":[{"mainsnak":{"snaktype":"value","property":"P3","datavalue":{"value":{"entity-type":"item","numeric-id":1206,"id":"Q1206"},"type":"wikibase-entityid"},"datatype":"wikibase-item"},"type":"statement","id":"Q5214$a70033a2-4b56-a353-f3d2-99f6fa808f22","rank":"normal"}],"P15":[{"mainsnak":{"snaktype":"value","property":"P15","datavalue":{"value":"https://www.heidi.news/economie/le-casse-tete-de-la-moderation-des-reseaux-sociaux","type":"string"},"datatype":"url"},"type":"statement","id":"Q5214$3ff806fb-45de-c14b-39ac-cce7a24b0879","rank":"normal"}],"P152":[{"mainsnak":{"snaktype":"value","property":"P152","datavalue":{"value":{"entity-type":"item","numeric-id":351,"id":"Q351"},"type":"wikibase-entityid"},"datatype":"wikibase-item"},"type":"statement","id":"Q5214$a7a84f5d-4758-cfc6-e113-306c0dbdbe21","rank":"normal"},{"mainsnak":{"snaktype":"value","property":"P152","datavalue":{"value":{"entity-type":"item","numeric-id":5211,"id":"Q5211"},"type":"wikibase-entityid"},"datatype":"wikibase-item"},"type":"statement","id":"Q5214$e9e779a9-445a-161b-a5ac-2832fbd4aad6","rank":"normal"}],"P100":[{"mainsnak":{"snaktype":"value","property":"P100","datavalue":{"value":{"time":"+2021-04-20T00:00:00Z","timezone":0,"before":0,"after":0,"precision":11,"calendarmodel":"http://www.wikidata.org/entity/Q1985727"},"type":"time"},"datatype":"time"},"type":"statement","id":"Q5214$a56b3469-4c33-d483-f3bf-5acc1ba8748a","rank":"normal"}]},"sitelinks":{}}}}

Le casse-tête de la modération des réseaux sociaux

article publié par Heidi.news en avril 2021
