{"entities":{"Q3211":{"pageid":26172,"ns":120,"title":"Item:Q3211","lastrevid":73859,"modified":"2020-01-07T12:05:27Z","type":"item","id":"Q3211","labels":{"fr":{"language":"fr","value":"L'\u00e8re num\u00e9rique et la protection de la  sph\u00e8re priv\u00e9e"},"de":{"language":"de","value":"Digitalisierung und Schutz der Privatsph\u00e4re"},"en":{"language":"en","value":"Digitisation and protection of privacy"}},"descriptions":{"fr":{"language":"fr","value":"2017 conference proceeding lors de la Journ\u00e9e suisse du droit de la protection des donn\u00e9es"},"en":{"language":"en","value":"2017 conference proceeding"},"de":{"language":"de","value":"2017 conference proceeding"}},"aliases":{},"claims":{"P3":[{"mainsnak":{"snaktype":"value","property":"P3","datavalue":{"value":{"entity-type":"item","numeric-id":1633,"id":"Q1633"},"type":"wikibase-entityid"},"datatype":"wikibase-item"},"type":"statement","id":"Q3211$b6b1b0eb-4225-f0e3-8d5a-f45af37f9753","rank":"normal"}],"P216":[{"mainsnak":{"snaktype":"value","property":"P216","datavalue":{"value":"9783725556144","type":"string"},"datatype":"external-id"},"type":"statement","id":"Q3211$b9874df3-4e2c-22b4-f900-0dcc91c0f9f3","rank":"normal"}],"P15":[{"mainsnak":{"snaktype":"value","property":"P15","datavalue":{"value":"https://www.schulthess.com/verlag/detail/ISBN-9783725556144/Epiney-Astrid-Editeur-Sangsue-Deborah-Editeur/Digitalisierung-und-Schutz-der-Privatsphaere--Lere-numerique-et-la-protection-de-la-sphere-privee","type":"string"},"datatype":"url"},"type":"statement","id":"Q3211$c5db8cb2-488e-e681-72c9-9429ade796aa","rank":"normal"}],"P55":[{"mainsnak":{"snaktype":"value","property":"P55","datavalue":{"value":{"entity-type":"item","numeric-id":416,"id":"Q416"},"type":"wikibase-entityid"},"datatype":"wikibase-item"},"type":"statement","id":"Q3211$a1b52f13-426a-6a2a-3810-86d7e041170e","rank":"normal"}]},"sitelinks":{}}}}

L'ère numérique et la protection de la  sphère privée

Digitalisierung und Schutz der Privatsphäre

2017 conference proceeding lors de la Journée suisse du droit de la protection des données
